umber?
True
Is 108727 prime?
True
Is 242999 a prime number?
True
Is 4751 a composite number?
False
Is 63239 a prime number?
False
Is 67091 composite?
True
Is 782359 a composite number?
True
Is 6449 a prime number?
True
Is 1973 prime?
True
Is 79229 a prime number?
True
Is 86393 prime?
False
Is 14051 a composite number?
False
Is 88079 a composite number?
False
Is 513083 composite?
False
Is 1831 prime?
True
Is 919 prime?
True
Is 264211 prime?
True
Is 186413 prime?
False
Is 38746 composite?
True
Is 42487 a prime number?
True
Is 198427 composite?
False
Is 3631 a composite number?
False
Is 366259 a prime number?
True
Is 9041 composite?
False
Is 3061 a composite number?
False
Is 353 a composite number?
False
Is 5163 a composite number?
True
Is 152983 a composite number?
True
Is 535889 prime?
False
Is 483971 composite?
False
Is 112967 prime?
True
Is 1200637 composite?
False
Is 147481 a prime number?
True
Is 244273 a composite number?
True
Is 20287 a composite number?
False
Is 1078823 a composite number?
True
Is 22549 prime?
True
Is 246541 a prime number?
False
Is 641687 a prime number?
False
Is 9533 a prime number?
True
Is 3251 a prime number?
True
Is 55147 a composite number?
False
Is 4091 composite?
False
Is 4127 composite?
False
Is 150743 composite?
False
Is 34223 composite?
True
Is 43097 a composite number?
True
Is 10249 a prime number?
False
Is 1082681 prime?
True
Is 14609 a composite number?
True
Is 5053 a prime number?
False
Is 203 a composite number?
True
Is 1685513 prime?
False
Is 18587 composite?
False
Is 1844153 prime?
True
Is 14395 a composite number?
True
Is 185947 composite?
False
Is 491 a composite number?
False
Is 1318 a composite number?
True
Is 90659 a composite number?
False
Is 11273 prime?
True
Is 463613 prime?
True
Is 21031 a composite number?
False
Is 118183 prime?
False
Is 552967 composite?
True
Is 1679 a prime number?
False
Is 55741 a prime number?
False
Is 2207713 prime?
True
Is 94795 a composite number?
True
Is 173697 composite?
True
Is 9935 a prime number?
False
Is 32471 a composite number?
True
Is 67997 a composite number?
True
Is 82879 a prime number?
False
Is 108797 a composite number?
True
Is 21173 a prime number?
False
Is 97919 a prime number?
True
Is 2743 composite?
True
Is 99401 composite?
False
Is 855115 prime?
False
Is 23437 a composite number?
True
Is 443 prime?
True
Is 23185 composite?
True
Is 574789 a prime number?
True
Is 648971 composite?
False
Is 81323 a composite number?
True
Is 1388201 a composite number?
True
Is 2143667 prime?
True
Is 16087 a prime number?
True
Is 77087 prime?
False
Is 1974905 composite?
True
Is 20161 a prime number?
True
Is 36037 a composite number?
False
Is 1671097 a composite number?
False
Is 18593 composite?
False
Is 27239 prime?
True
Is 93871 a prime number?
True
Is 11641 composite?
True
Is 66974 a prime number?
False
Is 5623 a prime number?
True
Is 721 a composite number?
True
Is 4181 prime?
False
Is 2705 a composite number?
True
Is 797 composite?
False
Is 200719 a composite number?
True
Is 2309 prime?
True
Is 333357 prime?
False
Is 25321 a composite number?
False
Is 10558 a composite number?
True
Is 54371 a composite number?
False
Is 743 composite?
False
Is 11113 a composite number?
False
Is 27413 composite?
True
Is 832913 composite?
False
Is 944687 composite?
False
Is 48017 a composite number?
False
Is 345869 prime?
True
Is 162517 a prime number?
True
Is 143357 composite?
False
Is 120531 a prime number?
False
Is 2921 prime?
False
Is 10237 prime?
False
Is 82993 a composite number?
True
Is 48553 a composite number?
True
Is 1015429 composite?
True
Is 1799861 prime?
False
Is 125539 composite?
False
Is 40899 prime?
False
Is 11333 a prime number?
False
Is 68813 a composite number?
False
Is 47491 composite?
False
Is 96443 prime?
True
Is 35521 a prime number?
True
Is 1687189 composite?
True
Is 1385411 composite?
False
Is 72793 a prime number?
False
Is 21713 a composite number?
False
Is 73187 composite?
True
Is 8501 composite?
False
Is 362093 prime?
True
Is 7219 prime?
True
Is 3707 prime?
False
Is 5297 composite?
False
Is 471305 prime?
False
Is 63557 a composite number?
True
Is 19121 composite?
False
Is 3593 composite?
False
Is 28889 a composite number?
True
Is 373 composite?
False
Is 21313 a prime number?
True
Is 152623 composite?
False
Is 17063 composite?
True
Is 65443 a composite number?
True
Is 6449 a prime number?
True
Is 133801 prime?
True
Is 2419 a prime number?
False
Is 159389 composite?
False
Is 56227 composite?
True
Is 60859 composite?
False
Is 32687 a prime number?
True
Is 6439 a composite number?
True
Is 29717 prime?
True
Is 11513 prime?
False
Is 1678 composite?
True
Is 66643 a composite number?
False
Is 17065 a composite number?
True
Is 93683 composite?
False
Is 16733 composite?
True
Is 1620397 a composite number?
True
Is 412249 composite?
False
Is 746065 a composite number?
True
Is 3711 composite?
True
Is 2373283 a prime number?
False
Is 3945337 prime?
False
Is 4408201 a prime number?
False
Is 110527 prime?
True
Is 24835 a prime number?
False
Is 10319 a prime number?
False
Is 3643 a composite number?
False
Is 641 a composite number?
False
Is 15427 a composite number?
False
Is 26339 a composite number?
False
Is 660515 a composite number?
True
Is 351905 a prime number?
False
Is 452099 composite?
True
Is 2049 a prime number?
False
Is 286513 composite?
False
Is 10709 composite?
False
Is 2705 composite?
True
Is 42037 a composite number?
True
Is 2502761 composite?
False
Is 29649 prime?
False
Is 1855489 composite?
True
Is 13894 composite?
True
Is 2179 composite?
False
Is 51943 a prime number?
False
Is 41815 a composite number?
True
Is 25059 a composite number?
True
Is 1879073 a prime number?
False
Is 488939 a composite number?
True
Is 803227 composite?
False
Is 57341 composite?
True
Is 282053 a composite number?
False
Is 28777 prime?
False
Is 127671 prime?
False
Is 6197 a composite number?
False
Is 43379 composite?
True
Is 31643 composite?
False
Is 1521119 a composite number?
False
Is 107929 a composite number?
True
Is 921 prime?
False
Is 4177 composite?
False
Is 14081 composite?
False
Is 4265 prime?
False
Is 5261 prime?
True
Is 192971 a prime number?
True
Is 127787 composite?
True
Is 1232683 a composite number?
False
Is 25963 a prime number?
False
Is 2863 a composite number?
True
Is 56149 a composite number?
False
Is 3637 prime?
True
Is 27035 composite?
True
Is 27085 a prime number?
False
Is 1853 a composite number?
True
Is 17363 prime?
False
Is 141023 a prime number?
True
Is 331537 prime?
True
Is 29053 a composite number?
True
Is 115691 prime?
False
Is 2705 prime?
False
Is 10459 composite?
False
Is 379 composite?
False
Is 2461 a prime number?
False
Is 160309 composite?
False
Is 1098247 composite?
True
Is 44351 composite?
False
Is 108769 prime?
True
Is 2426087 a prime number?
False
Is 76381 a composite number?
True
Is 6887 composite?
True
Is 137339 prime?
True
Is 3793 a prime number?
True
Is 19699 composite?
False
Is 393 composite?
True
Is 184615 a composite number?
True
Is 132603 a prime number?
False
Is 62461 a composite number?
True
Is 9257 prime?
True
Is 80326 a composite number?
True
Is 23774 prime?
False
Is 125537 prime?
False
Is 40163 a prime number?
True
Is 69841 a prime number?
False
Is 4573 a composite number?
True
Is 338791 prime?
True
Is 5297 a prime number?
True
Is 20467 prime?
False
Is 609571 composite?
False
Is 83197 a prime number?
False
Is 108079 prime?
True
Is 7069 a prime number?
True
Is 25703 prime?
True
Is 63977 a composite number?
False
Is 91079 a composite number?
False
Is 281537 composite?
True
Is 1313 prime?
False
Is 328271 a composite number?
False
Is 143457 a prime number?
False
Is 3163 a composite number?
False
Is 65081 prime?
False
Is 20249 prime?
True
Is 1162451 a prime number?
False
Is 51115 composite?
True
Is 1216177 a composite number?
False
Is 265063 a composite number?
True
Is 241579 a prime number?
False
Is 2809 prime?
False
Is 6505 composite?
True
Is 802405 composite?
True
Is 1678601 prime?
True
Is 133481 a prime number?
True
Is 51079 composite?
True
Is 8999 prime?
True
Is 71243 a composite number?
True
Is 48301 composite?
True
Is 47033 a composite number?
True
Is 48017 prime?
True
Is 954661 a prime number?
False
Is 69959 composite?
False
Is 